{"id":901,"date":"2024-02-22T20:17:27","date_gmt":"2024-02-22T20:17:27","guid":{"rendered":"https:\/\/audiovisualmedia.es\/academia\/?page_id=901"},"modified":"2024-02-22T20:24:52","modified_gmt":"2024-02-22T20:24:52","slug":"condiciones-de-compra","status":"publish","type":"page","link":"https:\/\/audiovisualmedia.es\/academia\/condiciones-de-compra\/","title":{"rendered":"Condiciones de Compra"},"content":{"rendered":"\n<h2 class=\"wp-block-heading\">Condiciones de Compra<\/h2>\n\n\n\n<p>Antes de contratar cualquiera de los servicios o infoproductos que ponemos a tu disposici\u00f3n, es imprescindible que leas estas condiciones y los t\u00e9rminos que se aplican a la prestaci\u00f3n de los productos aqu\u00ed ofrecidos.<\/p>\n\n\n\n<p>Estas condiciones podr\u00e1n ser modificadas en cualquier momento. Es tu responsabilidad leerlas peri\u00f3dicamente, ya que las condiciones vigentes en el momento de celebraci\u00f3n de cada Contrato (tal y como \u00e9ste se define m\u00e1s adelante) o en defecto de \u00e9ste, en el momento de uso de la p\u00e1gina web ser\u00e1n las que le resulten aplicables.<\/p>\n\n\n\n<p>Los servicios e infoproductos ofrecidos est\u00e1n disponibles s\u00f3lo para las personas jur\u00eddicas y las personas que tienen al menos 18 a\u00f1os de edad.<\/p>\n\n\n\n<h2 class=\"wp-block-heading\">Responsable de la web<\/h2>\n\n\n\n<p>En cumplimiento de la Ley 34\/2002, de 11 de julio, de servicios de la sociedad de la informaci\u00f3n y de comercio electr\u00f3nico, se le informa que:<\/p>\n\n\n\n<ul class=\"wp-block-list\">\n<li><strong>Identidad del responsable<\/strong>: Adri\u00e1n Mart\u00ednez Bataller, en adelante Audiovisual Media<\/li>\n\n\n\n<li><strong>CIF<\/strong>: 20859952X<\/li>\n\n\n\n<li><strong>Domicilio social<\/strong>\u00a0C\/ Teodoro Llorente 18<\/li>\n\n\n\n<li><strong>Email de contacto<\/strong>:\u00a0academia@audiovisualmedia.es<\/li>\n<\/ul>\n\n\n\n<h2 class=\"wp-block-heading\">Servicios y productos ofertados en la web y proceso de compra<\/h2>\n\n\n\n<p>Audiovisual Media pone a tu disposici\u00f3n los siguientes servicios:<\/p>\n\n\n\n<p>-Cursos online de producci\u00f3n audiovisual y formaci\u00f3n para la obtenci\u00f3n de titulaciones.<\/p>\n\n\n\n<p>El\u00a0proceso de contrataci\u00f3n:<\/p>\n\n\n\n<p><strong>Paso 1:<\/strong> Selecci\u00f3n del curso interesado.<br><br><strong>Paso 2: <\/strong>Pago del curso interesado.<\/p>\n\n\n\n<p><strong>Paso 3:<\/strong> Formaci\u00f3n v\u00eda online con soporte de los profesores de la escuela.<\/p>\n\n\n\n<p><strong>Paso 4:<\/strong> Este proceso es solo aplicado para aquellos cursos que<strong> necesitan pr\u00e1cticas y ex\u00e1menes <\/strong>presenciales. Dichas pr\u00e1cticas y ex\u00e1menes <strong>se realizar\u00e1n en el lugar indicado por Audiovisual Media y el alumno tendr\u00e1 que acudir all\u00ed.<\/strong><\/p>\n\n\n\n<p>El proceso de contrataci\u00f3n se realizar\u00e1 \u00fanicamente en espa\u00f1ol, que ser\u00e1 tambi\u00e9n el idioma en el que se entregar\u00e1 toda la documentaci\u00f3n.<\/p>\n\n\n\n<h2 class=\"wp-block-heading\">Derecho de exclusi\u00f3n<\/h2>\n\n\n\n<p>Audiovisual Media se reserva el derecho a denegar o retirar el acceso a la web y a los productos ofrecidos sin necesidad de preaviso, a instancia propia o de un tercero, a aquellos usuarios que incumplan las presentes condiciones de uso.<\/p>\n\n\n\n<h2 class=\"wp-block-heading\">Precios y formas de pago<\/h2>\n\n\n\n<p>Los precios aplicables a cada producto son los indicados en la web en la fecha en que se realiza el pedido incluyendo el IVA para transacciones dentro del territorio espa\u00f1ol.<\/p>\n\n\n\n<p>El pago siempre es por adelantado del 100% y los productos ser\u00e1n suministrados cuando se confirme dicho pago.<\/p>\n\n\n\n<p>Los precios de los servicios y productos pueden cambiar en cualquier momento a discreci\u00f3n \u00fanica.<\/p>\n\n\n\n<p>Las&nbsp;<strong>formas de pago<\/strong>&nbsp;aceptadas en rbgescuela.com est\u00e1n adaptadas a la PSD2 y son:<\/p>\n\n\n\n<ul class=\"wp-block-list\">\n<li>Transferencia Bancaria.<\/li>\n\n\n\n<li>Tarjeta, a trav\u00e9s de Stripe o Redsys. <\/li>\n<\/ul>\n\n\n\n<h2 class=\"wp-block-heading\">Requisitos para poder acceder a la formaci\u00f3n<\/h2>\n\n\n\n<p>Para poder realizar las formaciones ser\u00e1 necesario:<\/p>\n\n\n\n<ul class=\"wp-block-list\">\n<li>Un ordenador con pantalla u otro dispositivo como m\u00f3vil o tablet.<\/li>\n\n\n\n<li>Posibilidad de ver archivos en Google Drive.<\/li>\n\n\n\n<li>Posibilidad de descargar y ver documentos en PDF\u2019s, fotograf\u00edas y programas de Adobe.<\/li>\n\n\n\n<li>Conexi\u00f3n a internet.<\/li>\n\n\n\n<li>Poder reproducir v\u00eddeos.<\/li>\n<\/ul>\n\n\n\n<h2 class=\"wp-block-heading\">Modificaciones y acceso a los cursos<\/h2>\n\n\n\n<p>Nos reservamos el derecho a modificar algunas de las formaciones si vemos que necesita actualizaciones o modificaciones.<\/p>\n\n\n\n<p>Los alumnos que adquieran cualquier formaci\u00f3n en Audiovisual Media tendr\u00e1n acceso indefinido a la formaci\u00f3n que adquirieron. Si se quiere acceder a las nuevas versiones de los cursos una vez se publiquen, el alumno deber\u00e1 hacer la compra de esta nueva versi\u00f3n del curso.<\/p>\n\n\n\n<h2 class=\"wp-block-heading\">Derecho de desistimiento<\/h2>\n\n\n\n<p>El derecho de desistimiento espirar\u00e1 a los 14 d\u00edas naturales del d\u00eda que adquiri\u00f3 el curso\/producto.  <\/p>\n\n\n\n<p>El derecho de desistimiento se podr\u00e1 ejercer mediante correo electr\u00f3nico enviado a\u00a0academia@audiovisualmedia.es\u00a0con el asunto DEVOLUCI\u00d3N CURSO con el N\u00aa de PEDIDO, solicitando la devoluci\u00f3n del importe abonado que se efectuar\u00e1 dentro de los 30 d\u00edas naturales siguientes desde la fecha en que se haya realizado tal comunicaci\u00f3n.<\/p>\n\n\n\n<p>El reembolso se realizar\u00e1 por mediante transferencia bancaria.<\/p>\n\n\n\n<h2 class=\"wp-block-heading\">Propiedad Intelectual<\/h2>\n\n\n\n<p>Audiovisual Media es titular de todos los derechos de propiedad intelectual e Industrial de los cursos y todo su contenido y de los elementos que aparecen en la web. Todos los derechos est\u00e1n reservados.<\/p>\n\n\n\n<p>Podr\u00e1s visualizar \u00fanicamente los elementos de la web sin posibilidad de imprimirlos, copiarlos o almacenarlos en el disco duro de su ordenador o en cualquier dispositivo f\u00edsico.<\/p>\n\n\n\n<p>No estar\u00e1 permitido la adquisici\u00f3n de un servicio o producto digital por m\u00e1s de una persona con el fin de reducir el coste, es decir, en la realizaci\u00f3n del pago por una sola persona del curso online.<\/p>\n\n\n\n<p>Tus datos de login (acceso) son personales e intransferibles. El sistema es capaz de detectar cuando tu login ha sido compartido con otra persona ajena al curso, en cuyo caso se bloquear\u00e1 tu login de forma indefinida. Igualmente, est\u00e1 prohibida la reventa de los cursos.<\/p>\n\n\n\n<p>En caso de que se incumpla esta cl\u00e1usula se cancelar\u00e1 el acceso al curso de forma inmediata, sin reembolso, y se emprender\u00e1n las acciones judiciales correspondientes.<\/p>\n\n\n\n<p>Cualquier uso no autorizado previamente por Audiovisual Media ser\u00e1 considerado un incumplimiento grave de los derechos de propiedad intelectual e Industrial, reserv\u00e1ndonos cuantas acciones civiles y penales me asistan para salvaguardar mis derechos, bajo apercibimiento de incurrir en un delito contra la propiedad intelectual del art. 270 y siguientes del C\u00f3digo Penal con\u00a0<strong>penas de prisi\u00f3n de hasta 4 a\u00f1os<\/strong>.<\/p>\n\n\n\n<h2 class=\"wp-block-heading\">Exclusi\u00f3n de Garant\u00edas y Responsabilidad<\/h2>\n\n\n\n<p>No garantizamos la continuidad de la web, la ausencia de fallo o interrupciones del servicio ni que la web estar\u00e1 disponible o accesible el 100% del tiempo por causas ajenas al control de Audiovisual Media o causas fortuitas y\/o de fuerza mayor, virus, ataques inform\u00e1ticos y\/o actuaciones de terceros que ocasionen la imposibilidad total o parcial de la prestaci\u00f3n de los servicios as\u00ed como otras causas imprevisibles como pudieren ser el incorrecto funcionamiento de internet.<\/p>\n\n\n\n<p>No podemos ofrecer garant\u00eda de los resultados que consigas con el producto adquirido porque depende exclusivamente del trabajo que realices, nosotros te damos absolutamente todas las pautas que necesitas, pero eres t\u00fa quien debe tomar acci\u00f3n.<\/p>\n\n\n\n<p>Debes tener en cuenta que los contenidos de los materiales publicados en los programas formativos son consejos, recomendaciones o sugerencias de profesionales y\/o usuarios basados en su propia experiencia y que no se garantiza que los mismos puedan servir para cualquier tipo de negocio, actividad y\/o proyecto.<\/p>\n\n\n\n<h2 class=\"wp-block-heading\">Tratamiento de datos personales<\/h2>\n\n\n\n<p>De acuerdo con la Ley Org\u00e1nica 3\/2018, de 5 de diciembre, de Protecci\u00f3n de Datos Personales y garant\u00eda de los derechos digitales, los datos ser\u00e1n tratados por Audiovisual Media como \u201cClientes y Proveedores\u201d con las finalidades adecuadas al tratamiento.<\/p>\n\n\n\n<p>En la medida que as\u00ed lo haya autorizado el interesado; siendo responsabilidad del usuario la exactitud de los mismos.<\/p>\n\n\n\n<p>Salvo oposici\u00f3n expresa, el Cliente consiente expresamente el tratamiento de sus datos personales para remitir informaci\u00f3n de inter\u00e9s, novedades y ofertas sobre los productos y servicios a trav\u00e9s de cualquier medio, incluyendo el correo electr\u00f3nico.<\/p>\n\n\n\n<h2 class=\"wp-block-heading\">Legislaci\u00f3n y jurisdicci\u00f3n<\/h2>\n\n\n\n<p>Nuestra relaci\u00f3n contractual se regir\u00e1 por la normativa espa\u00f1ola vigente y cualquier controversia se someter\u00e1 a los Juzgados y Tribunales de Madrid, salvo que la Ley aplicable disponga otra cosa.<\/p>\n\n\n\n<p>Las condiciones de contrataci\u00f3n han sido actualizadas por \u00faltima vez el 22\/02\/2024.<\/p>\n","protected":false},"excerpt":{"rendered":"<p>Condiciones de Compra Antes de contratar cualquiera de los servicios o infoproductos que ponemos a tu disposici\u00f3n, es imprescindible que [&hellip;]<\/p>\n","protected":false},"author":1,"featured_media":0,"parent":0,"menu_order":0,"comment_status":"closed","ping_status":"closed","template":"","meta":{"footnotes":""},"class_list":["post-901","page","type-page","status-publish","hentry"],"yoast_head":"<!-- This site is optimized with the Yoast SEO plugin v22.0 - https:\/\/yoast.com\/wordpress\/plugins\/seo\/ -->\n<title>Condiciones de Compra - Audiovisual Media<\/title>\n<meta name=\"robots\" content=\"index, follow, max-snippet:-1, max-image-preview:large, max-video-preview:-1\" \/>\n<link rel=\"canonical\" href=\"https:\/\/audiovisualmedia.es\/academia\/condiciones-de-compra\/\" \/>\n<meta property=\"og:locale\" content=\"es_ES\" \/>\n<meta property=\"og:type\" content=\"article\" \/>\n<meta property=\"og:title\" content=\"Condiciones de Compra - Audiovisual Media\" \/>\n<meta property=\"og:description\" content=\"Condiciones de Compra Antes de contratar cualquiera de los servicios o infoproductos que ponemos a tu disposici\u00f3n, es imprescindible que [&hellip;]\" \/>\n<meta property=\"og:url\" content=\"https:\/\/audiovisualmedia.es\/academia\/condiciones-de-compra\/\" \/>\n<meta property=\"og:site_name\" content=\"Audiovisual Media\" \/>\n<meta property=\"article:modified_time\" content=\"2024-02-22T20:24:52+00:00\" \/>\n<meta name=\"twitter:card\" content=\"summary_large_image\" \/>\n<meta name=\"twitter:label1\" content=\"Tiempo de lectura\" \/>\n\t<meta name=\"twitter:data1\" content=\"6 minutos\" \/>\n<script type=\"application\/ld+json\" class=\"yoast-schema-graph\">{\"@context\":\"https:\/\/schema.org\",\"@graph\":[{\"@type\":\"WebPage\",\"@id\":\"https:\/\/audiovisualmedia.es\/academia\/condiciones-de-compra\/\",\"url\":\"https:\/\/audiovisualmedia.es\/academia\/condiciones-de-compra\/\",\"name\":\"Condiciones de Compra - Audiovisual Media\",\"isPartOf\":{\"@id\":\"https:\/\/audiovisualmedia.es\/academia\/#website\"},\"datePublished\":\"2024-02-22T20:17:27+00:00\",\"dateModified\":\"2024-02-22T20:24:52+00:00\",\"breadcrumb\":{\"@id\":\"https:\/\/audiovisualmedia.es\/academia\/condiciones-de-compra\/#breadcrumb\"},\"inLanguage\":\"es\",\"potentialAction\":[{\"@type\":\"ReadAction\",\"target\":[\"https:\/\/audiovisualmedia.es\/academia\/condiciones-de-compra\/\"]}]},{\"@type\":\"BreadcrumbList\",\"@id\":\"https:\/\/audiovisualmedia.es\/academia\/condiciones-de-compra\/#breadcrumb\",\"itemListElement\":[{\"@type\":\"ListItem\",\"position\":1,\"name\":\"Portada\",\"item\":\"https:\/\/audiovisualmedia.es\/academia\/\"},{\"@type\":\"ListItem\",\"position\":2,\"name\":\"Condiciones de Compra\"}]},{\"@type\":\"WebSite\",\"@id\":\"https:\/\/audiovisualmedia.es\/academia\/#website\",\"url\":\"https:\/\/audiovisualmedia.es\/academia\/\",\"name\":\"Audiovisual Media\",\"description\":\"\",\"publisher\":{\"@id\":\"https:\/\/audiovisualmedia.es\/academia\/#organization\"},\"potentialAction\":[{\"@type\":\"SearchAction\",\"target\":{\"@type\":\"EntryPoint\",\"urlTemplate\":\"https:\/\/audiovisualmedia.es\/academia\/?s={search_term_string}\"},\"query-input\":\"required name=search_term_string\"}],\"inLanguage\":\"es\"},{\"@type\":\"Organization\",\"@id\":\"https:\/\/audiovisualmedia.es\/academia\/#organization\",\"name\":\"Audiovisual Media\",\"url\":\"https:\/\/audiovisualmedia.es\/academia\/\",\"logo\":{\"@type\":\"ImageObject\",\"inLanguage\":\"es\",\"@id\":\"https:\/\/audiovisualmedia.es\/academia\/#\/schema\/logo\/image\/\",\"url\":\"https:\/\/audiovisualmedia.es\/academia\/wp-content\/uploads\/2024\/02\/cropped-logo-1.png\",\"contentUrl\":\"https:\/\/audiovisualmedia.es\/academia\/wp-content\/uploads\/2024\/02\/cropped-logo-1.png\",\"width\":200,\"height\":58,\"caption\":\"Audiovisual Media\"},\"image\":{\"@id\":\"https:\/\/audiovisualmedia.es\/academia\/#\/schema\/logo\/image\/\"}}]}<\/script>\n<!-- \/ Yoast SEO plugin. -->","yoast_head_json":{"title":"Condiciones de Compra - Audiovisual Media","robots":{"index":"index","follow":"follow","max-snippet":"max-snippet:-1","max-image-preview":"max-image-preview:large","max-video-preview":"max-video-preview:-1"},"canonical":"https:\/\/audiovisualmedia.es\/academia\/condiciones-de-compra\/","og_locale":"es_ES","og_type":"article","og_title":"Condiciones de Compra - Audiovisual Media","og_description":"Condiciones de Compra Antes de contratar cualquiera de los servicios o infoproductos que ponemos a tu disposici\u00f3n, es imprescindible que [&hellip;]","og_url":"https:\/\/audiovisualmedia.es\/academia\/condiciones-de-compra\/","og_site_name":"Audiovisual Media","article_modified_time":"2024-02-22T20:24:52+00:00","twitter_card":"summary_large_image","twitter_misc":{"Tiempo de lectura":"6 minutos"},"schema":{"@context":"https:\/\/schema.org","@graph":[{"@type":"WebPage","@id":"https:\/\/audiovisualmedia.es\/academia\/condiciones-de-compra\/","url":"https:\/\/audiovisualmedia.es\/academia\/condiciones-de-compra\/","name":"Condiciones de Compra - Audiovisual Media","isPartOf":{"@id":"https:\/\/audiovisualmedia.es\/academia\/#website"},"datePublished":"2024-02-22T20:17:27+00:00","dateModified":"2024-02-22T20:24:52+00:00","breadcrumb":{"@id":"https:\/\/audiovisualmedia.es\/academia\/condiciones-de-compra\/#breadcrumb"},"inLanguage":"es","potentialAction":[{"@type":"ReadAction","target":["https:\/\/audiovisualmedia.es\/academia\/condiciones-de-compra\/"]}]},{"@type":"BreadcrumbList","@id":"https:\/\/audiovisualmedia.es\/academia\/condiciones-de-compra\/#breadcrumb","itemListElement":[{"@type":"ListItem","position":1,"name":"Portada","item":"https:\/\/audiovisualmedia.es\/academia\/"},{"@type":"ListItem","position":2,"name":"Condiciones de Compra"}]},{"@type":"WebSite","@id":"https:\/\/audiovisualmedia.es\/academia\/#website","url":"https:\/\/audiovisualmedia.es\/academia\/","name":"Audiovisual Media","description":"","publisher":{"@id":"https:\/\/audiovisualmedia.es\/academia\/#organization"},"potentialAction":[{"@type":"SearchAction","target":{"@type":"EntryPoint","urlTemplate":"https:\/\/audiovisualmedia.es\/academia\/?s={search_term_string}"},"query-input":"required name=search_term_string"}],"inLanguage":"es"},{"@type":"Organization","@id":"https:\/\/audiovisualmedia.es\/academia\/#organization","name":"Audiovisual Media","url":"https:\/\/audiovisualmedia.es\/academia\/","logo":{"@type":"ImageObject","inLanguage":"es","@id":"https:\/\/audiovisualmedia.es\/academia\/#\/schema\/logo\/image\/","url":"https:\/\/audiovisualmedia.es\/academia\/wp-content\/uploads\/2024\/02\/cropped-logo-1.png","contentUrl":"https:\/\/audiovisualmedia.es\/academia\/wp-content\/uploads\/2024\/02\/cropped-logo-1.png","width":200,"height":58,"caption":"Audiovisual Media"},"image":{"@id":"https:\/\/audiovisualmedia.es\/academia\/#\/schema\/logo\/image\/"}}]}},"_links":{"self":[{"href":"https:\/\/audiovisualmedia.es\/academia\/wp-json\/wp\/v2\/pages\/901","targetHints":{"allow":["GET"]}}],"collection":[{"href":"https:\/\/audiovisualmedia.es\/academia\/wp-json\/wp\/v2\/pages"}],"about":[{"href":"https:\/\/audiovisualmedia.es\/academia\/wp-json\/wp\/v2\/types\/page"}],"author":[{"embeddable":true,"href":"https:\/\/audiovisualmedia.es\/academia\/wp-json\/wp\/v2\/users\/1"}],"replies":[{"embeddable":true,"href":"https:\/\/audiovisualmedia.es\/academia\/wp-json\/wp\/v2\/comments?post=901"}],"version-history":[{"count":8,"href":"https:\/\/audiovisualmedia.es\/academia\/wp-json\/wp\/v2\/pages\/901\/revisions"}],"predecessor-version":[{"id":917,"href":"https:\/\/audiovisualmedia.es\/academia\/wp-json\/wp\/v2\/pages\/901\/revisions\/917"}],"wp:attachment":[{"href":"https:\/\/audiovisualmedia.es\/academia\/wp-json\/wp\/v2\/media?parent=901"}],"curies":[{"name":"wp","href":"https:\/\/api.w.org\/{rel}","templated":true}]}}